97.
5
What is the remainder when 10171 is divided by 5077?
17
What is the remainder when 24285 is divided by 92?
89
What is the remainder when 64638 is divided by 64?
62
What is the remainder when 1923257 is divided by 148?
145
Calculate the remainder when 40501 is divided by 8099.
6
Calculate the remainder when 58139 is divided by 228.
227
Calculate the remainder when 37754 is divided by 113.
12
What is the remainder when 78052 is divided by 624?
52
Calculate the remainder when 29929 is divided by 146.
145
What is the remainder when 4900 is divided by 977?
15
Calculate the remainder when 1336109 is divided by 1171.
1169
What is the remainder when 425709 is divided by 100?
9
Calculate the remainder when 2374 is divided by 258.
52
What is the remainder when 53370 is divided by 518?
16
Calculate the remainder when 66470 is divided by 98.
26
Calculate the remainder when 2225 is divided by 153.
83
Calculate the remainder when 5723 is divided by 5663.
60
What is the remainder when 6360 is divided by 109?
38
What is the remainder when 672335 is divided by 1449?
1448
What is the remainder when 11453 is divided by 34?
29
Calculate the remainder when 21814 is divided by 116.
6
What is the remainder when 3327597 is divided by 1180?
1177
What is the remainder when 719851 is divided by 46?
43
Calculate the remainder when 288 is divided by 74.
66
What is the remainder when 10722 is divided by 1689?
588
Calculate the remainder when 886244 is divided by 72.
68
What is the remainder when 7134 is divided by 12?
6
What is the remainder when 25014 is divided by 8?
6
Calculate the remainder when 4516 is divided by 40.
36
What is the remainder when 165038 is divided by 3056?
14
Calculate the remainder when 2375 is divided by 1094.
187
What is the remainder when 424 is divided by 287?
137
What is the remainder when 8104 is divided by 12?
4
Calculate the remainder when 7711 is divided by 1284.
7
Calculate the remainder when 129469 is divided by 32364.
13
Calculate the remainder when 90699 is divided by 217.
210
What is the remainder when 15073 is divided by 201?
199
What is the remainder when 273 is divided by 265?
8
What is the remainder when 7204114 is divided by 12?
10
What is the remainder when 9543 is divided by 693?
534
What is the remainder when 23533 is divided by 82?
81
Calculate the remainder when 245413 is divided by 26.
25
Calculate the remainder when 38325 is divided by 19151.
23
Calculate the remainder when 4676 is divided by 64.
4
Calculate the remainder when 72896 is divided by 141.
140
What is the remainder when 586479 is divided by 460?
439
What is the remainder when 37912 is divided by 7581?
7
What is the remainder when 657508 is divided by 651?
649
What is the remainder when 11609 is divided by 1445?
49
What is the remainder when 222849 is divided by 83?
77
Calculate the remainder when 22833 is divided by 544.
529
What is the remainder when 10852 is divided by 162?
160
What is the remainder when 8240 is divided by 2642?
314
What is the remainder when 5338 is divided by 592?
10
Calculate the remainder when 3913 is divided by 146.
117
What is the remainder when 28266 is divided by 216?
186
What is the remainder when 279231 is divided by 37?
29
What is the remainder when 132454 is divided by 206?
202
Calculate the remainder when 14632 is divided by 1093.
423
Calculate the remainder when 99579 is divided by 20.
19
Calculate the remainder when 132795 is divided by 47.
20
Calculate the remainder when 55688 is divided by 404.
340
What is the remainder when 1182 is divided by 1158?
24
What is the remainder when 10086 is divided by 95?
16
What is the remainder when 32712 is divided by 887?
780
What is the remainder when 3901 is divided by 1941?
19
Calculate the remainder when 28505 is divided by 530.
415
Calculate the remainder when 424526 is divided by 25.
1
Calculate the remainder when 6271 is divided by 123.
121
Calculate the remainder when 3153 is divided by 768.
81
What is the remainder when 140 is divided by 72?
68
What is the remainder when 64878 is divided by 279?
150
What is the remainder when 3608 is divided by 893?
36
What is the remainder when 336995 is divided by 487?
478
Calculate the remainder when 3286 is divided by 1097.
1092
What is the remainder when 9623 is divided by 3197?
32
Calculate the remainder when 21438 is divided by 190.
158
Calculate the remainder when 3094 is divided by 325.
169
Calculate the remainder when 1534 is divided by 59.
0
Calculate the remainder when 3374807 is divided by 297.
293
What is the remainder when 37742 is divided by 31?
15
What is the remainder when 723084 is divided by 30128?
12
What is the remainder when 10571 is divided by 13?
2
What is the remainder when 2358 is divided by 167?
20
What is the remainder when 13402 is divided by 19?
7
What is the remainder when 4775 is divided by 406?
309
What is the remainder when 36152 is divided by 17976?
200
Calculate the remainder when 57610 is divided by 97.
89
Calculate the remainder when 21703 is divided by 137.
57
Calculate the remainder when 243797 is divided by 179.
178
Calculate the remainder when 1690 is divided by 1081.
609
What is the remainder when 3699 is divided by 525?
24
Calculate the remainder when 1931 is divided by 740.
451
Calculate the remainder when 5068 is divided by 49.
21
Calculate the remainder when 40963 is divided by 13644.
31
What is the remainder when 40600 is divided by 20054?
492
What is the remainder when 33636 is divided by 277?
119
What is the remainder when 762025 is divided by 753?
742
Calculate the remainder when 51849 is divided by 122.
121
What is the remainder when 11745 is divided by 146?
65
What is the remainder when 779 is divided by 65?
64
Calculate the remainder when 3934 is divided by 1083.
685
Calculate the remainder when 83221 is divided by 743.
5
What is the remainder when 2611 is divided by 810?
181
Calculate the remainder when 171087 is divided by 7.
0
Calculate the remainder when 34942 is divided by 11644.
10
What is the remainder when 1176 is divided by 395?
386
Calculate the remainder when 910 is divided by 232.
214
Calculate the remainder when 8394 is divided by 3939.
516
Calculate the remainder when 235674 is divided by 26186.
0
Calculate the remainder when 158110 is divided by 13.
4
Calculate the remainder when 1553 is divided by 729.
95
Calculate the remainder when 3520 is divided by 798.
328
What is the remainder when 2874 is divided by 357?
18
Calculate the remainder when 10626 is divided by 3539.
9
Calculate the remainder when 12897 is divided by 935.
742
Calculate the remainder when 274704 is divided by 59.
0
Calculate the remainder when 381128 is divided by 62.
14
Calculate the remainder when 2531 is divided by 457.
246
Calculate the remainder when 4079 is divided by 51.
50
What is the remainder when 8207 is divided by 185?
67
What is the remainder when 43077 is divided by 1595?
12
What is the remainder when 7882 is divided by 684?
358
What is the remainder when 7486 is divided by 2492?
10
What is the remainder when 23282 is divided by 2105?
127
What is the remainder when 3212 is divided by 31?
19
What is the remainder when 1486 is divided by 200?
86
What is the remainder when 17014 is divided by 221?
218
What is the remainder when 5426 is divided by 477?
179
Calculate the remainder when 62751 is divided by 12.
3
What is the remainder when 1601 is divided by 92?
37
Calculate the remainder when 1415551 is divided by 17.
12
Calculate the remainder when 60838 is divided by 1106.
8
Calculate the remainder when 372216 is divided by 132.
108
What is the remainder when 6088 is divided by 252?
40
Calculate the remainder when 10662 is divided by 206.
156
What is the remainder when 6875 is divided by 2219?
218
Calculate the remainder when 729788 is divided by 1267.
1263
Calculate the remainder when 2593 is divided by 2140.
453
Calculate the remainder when 81062 is divided by 43.
7
What is the remainder when 48015 is divided by 1059?
360
What is the remainder when 160369 is divided by 4009?
9
Calculate the remainder when 24387 is divided by 183.
48
Calculate the remainder when 62661 is divided by 10.
1
What is the remainder when 55795 is divided by 46?
43
Calculate the remainder when 4498 is divided by 85.
7